posite number?
False
Let m(r) = r - 12. Let n be m(0). Is (-8958)/(-22) - n/(-66) composite?
True
Let w(j) be the third derivative of 1/3*j**3 + 0*j + 0 + 7*j**2 + 3/20*j**5 + 7/24*j**4 - 1/120*j**6. Is w(9) composite?
True
Suppose -79*u + 4404598 = -2582241. Is u a prime number?
False
Let h(k) = 448*k - 7. Let w(r) = r**3 + 7*r**2 - 21*r - 25. Let z be w(-9). Is h(z) a prime number?
False
Let c = -257 + 461. Let l(v) = 5*v + 59. Let h be l(-11). Suppose h*s + 0*s - c = 0. Is s a composite number?
True
Let j = 33 - 27. Is 4/j - 6313/(-3) prime?
False
Suppose 190296 + 779779 = 25*y. Is y prime?
True
Let o = 51 - 36. Let r be 10/(-25) + (-294)/o. Let j = 907 + r. Is j prime?
True
Suppose 0*d + 3*d + 5*u - 763 = 0, -4 = u. Suppose -6*q + d = -717. Is q prime?
True
Let r = 1822 - 665. Is r a prime number?
False
Let x(k) = 2*k**3 + 3. Let i(g) = -g**3 - 8*g**2 - 7*g + 5. Let q be i(-7). Is x(q) a composite number?
True
Suppose 119955 = 30*g - 25*g - 5*m, 5*g + 2*m = 119969. Is g composite?
False
Let h = 9358 - -2871. Is h prime?
False
Suppose 3*z = -4*q + 58858, -14*q - 5*z = -18*q + 58874. Suppose 10*l + q = 69566. Is l composite?
True
Suppose 3*o + h - 6281 = 3*h, 3*h + 2089 = o. Suppose 0 = 3*s - 3*j - 254 - o, 5*s = j + 3899. Suppose -4*q = 5*l - 1997, -2*l + 2*q + 3*q = -s. Is l composite?
False
Suppose 22*q = 134925 - 6291. Is q a prime number?
False
Suppose 5*c + 3*k = 3*c + 55660, k = -5*c + 139137. Is c composite?
False
Let d = 6 + -2. Let s = d + -2. Suppose -m = -5*w + 414, -3*w + 0*m = s*m - 251. Is w prime?
True
Let i be ((-2)/4)/(1/(-6)). Suppose i*t = 6, -3*z + t - 3 = -10. Suppose -3*l - 4*y = -1749, -y - 534 = -z*l + 1230. Is l a composite number?
False
Let x(k) = 483*k - 1. Let r(q) = -242*q + 1. Let l(a) = -7*r(a) - 3*x(a). Is l(3) prime?
False
Let t(n) = 424*n**2 - 13*n + 5. Is t(4) a prime number?
True
Let d(x) = x**3 + 12*x**2 + 10*x - 10. Let a be d(-11). Suppose -3*t + 2*b = a - 150, 3*b = t - 59. Is t composite?
False
Let z = 31 - 16. Suppose -2*m - 18 = -4*s, 5*m + 3 = s - z. Is 586/s*(-3)/(-2) prime?
True
Let f be -166*(0 + -3 - 49/14). Let m = -514 + f. Is m prime?
False
Let f be (-4)/(-20) - 2/10. Suppose 0*n - 4*y - 8 = 4*n, -12 = 3*y. Suppose -2*k + f = -n, -5*k = -3*j + 58. Is j prime?
False
Let p(n) = 25*n - 2. Let d(l) = -l + 1. Let u be d(-1). Let q(w) = -25*w + 1. Let r(a) = u*q(a) + 3*p(a). Is r(9) prime?
False
Suppose 4*z + 24 = 8*z. Suppose -z*s - 2*s = -80. Is s a prime number?
False
Suppose -1 - 2 = -u. Let q be (-2 - -3)/(u/(-15)). Let i(b) = -2*b + 1. Is i(q) a prime number?
True
Suppose m + 3 = 6. Suppose -10 = m*n + 2. Is (-45)/60 - 479/n a prime number?
False
Let v(d) = d**3 - d + 7*d**2 - 1 + 6*d - 2. Let f be v(-5). Suppose 3*u = 3, 20 = 3*b - 3*u - f. Is b prime?
False
Suppose -21*u + 30575 = 4*u. Is u composite?
False
Let x be (-931)/(-114) - 1/6. Let v = -4 + x. Suppose 6*u - 406 = v*u. Is u prime?
False
Suppose 0 = -12*w - 0*w + 48. Suppose 106717 = 17*v - w*v. Is v a prime number?
True
Let b = -153639 - -224348. Is b a composite number?
False
Let w be -26938 + (-5 - (-4 - -3)). Is 6/(-36) - w/12 prime?
False
Suppose 0 = n + 4*g - 3, -3*n = -5*g - 3 - 6. Suppose -4*z - 7016 = -5*q, 5*q + n*z - 7024 = -z. Suppose 3*x - q = 2427. Is x a prime number?
True
Suppose -36 = -5*w + 74. Suppose -c = c - w. Let o(h) = h**3 - 10*h**2 - 12. Is o(c) a composite number?
False
Let g = -5347 + 9348. Is g composite?
False
Let m(o) = o**2 - 11*o + 10. Let w be m(10). Suppose 0 = 3*j - w*j - 1005. Suppose 0 = -3*v, -5*v - 81 + j = 2*c. Is c a prime number?
True
Let f(v) = -8*v + 36. Let d be f(6). Is (0 + (-3466)/8)*d/3 composite?
False
Let v be 51/(-85) - 56/(-10). Suppose 2*q - 3867 = -v*o, q + 5*o - 1933 = 3*o. Is q prime?
True
Let z = 6132 + -2615. Is z a prime number?
True
Let k = 70 + -68. Suppose 0*j + 3*u + 2680 = k*j, -4009 = -3*j - u. Is j prime?
False
Suppose 4*r - 5*r = -5. Let x be 876/6 + r + -2. Is x - (-6 + 3 - -3) a prime number?
True
Let f = -1154 + 726. Is -4 - (1/(1/2) + f) a composite number?
True
Let f(a) = a - 4. Let w be f(9). Suppose -164 = -w*n + 2*b, 2*b - 3*b = -3. Is n a prime number?
False
Let r(w) = w**2 + 3*w + 4. Let i be r(-5). Suppose -5*t = -251 - i. Suppose -v - 418 = -2*c + t, -3*v + 9 = 0. Is c a composite number?
True
Let a(h) = -h**3 - 14*h**2 - 2*h - 28. Let w be a(-14). Suppose 4*k + p - 4852 = -p, -4*p = w. Is k prime?
True
Let m = 18452 + -10825. Is m composite?
True
Let t(m) = 5094*m + 329. Is t(8) a prime number?
True
Suppose 0 = -7*g + 5*g - 198. Let o = -66 - g. Is o prime?
False
Suppose 4*g = 2*g + 188. Let f = 155 - g. Let z = 21 + f. Is z a composite number?
True
Suppose -15*p = -11*p. Let i(f) = f + 0*f - 2*f + 247. Is i(p) a prime number?
False
Let s be (-8183)/(-3) - 2/(-6)*-2. Suppose -q - s = -5*t + 3*t, 2*t - 4*q - 2742 = 0. Is t prime?
True
Let x(b) = b**2 - 10*b + 8. Let h be x(9). Let v be (-8 - -26) + 2 + h. Suppose -u + 4*k + v = 0, -5 - 48 = -2*u + 3*k. Is u a composite number?
False
Let p(a) = 2*a**2 - 6*a - 517. Is p(64) a composite number?
True
Suppose -s + 3*u + 1552 = 0, 4*u - 599 + 3697 = 2*s. Is s a prime number?
True
Suppose 21*k + 2 = 22*k. Suppose -k*n = 4*j - 6230, -5*n + 11617 = j - 3949. Is n a prime number?
False
Let c(d) = -d**3 - 5*d**2 + 6*d - 2. Let w = -11 - -5. Let l be c(w). Is (-3 - 158/l) + 1 prime?
False
Suppose 0*c + 4*c - 2*v + 842 = 0, v = 4*c + 837. Let k = c + 374. Is k composite?
True
Suppose -8*t + 124010 = 2*t. Is t composite?
False
Let r(g) = -8*g**2 + 7. Let i(q) = -q**3 - q + 1. Let l(p) = i(p) + r(p). Let u be l(-9). Let d = -59 + u. Is d a composite number?
True
Suppose -6*q = -q. Suppose -3*n - 5*c - 405 + 4714 = q, -3*c = -n + 1427. Suppose 3*b - 2*b = 3*v - n, -5*b = 4*v - 1936. Is v prime?
True
Let r = 44 - 40. Is r/(-24) + (-16790)/(-12) a prime number?
True
Let n = 5819 - -12300. Is n a prime number?
True
Let t be (5/(-2) - 2)*-2. Suppose t*l = 4*l - 3*a + 287, -5*l = -2*a - 292. Is l prime?
False
Let z(i) = i - 1. Let k be z(5). Let q = k - 5. Let j = q + 14. Is j a composite number?
False
Suppose -4*s + s - 37705 = -4*w, 0 = -3*w + 5*s + 28276. Let m = 1420 + w. Is m a prime number?
True
Suppose -4*s = 2*y + 280406, -5*s - 370640 = y - 20134. Is (4/(-6))/((-6)/s*-1) composite?
False
Let q(l) = 1895*l + 30. Let u be q(-7). Is (-3)/(-12) + u/(-20) a composite number?
True
Suppose i - 106 - 4087 = 0. Is i composite?
True
Suppose -s = 5*x - 1240, 3*x - 962 = -4*s - 235. Let t be 4/(2*2/(-58)). Let v = x + t. Is v prime?
True
Let q(r) = r**2 - 4 - r**3 + 5*r - 6 + 4. Suppose s + 0 - 3 = 2*h, -4*h - 21 = s. Is q(s) composite?
True
Suppose -824 = -3*h - 5*u, 5*u = -6*h + 2*h + 1092. Suppose -7*j - h = -8*j. Let g = j - 185. Is g prime?
True
Let c = -13884 + 24689. Is c a composite number?
True
Let x = 953 + 558. Is x prime?
True
Suppose -83530 = -0*y - 10*y. Is y composite?
False
Suppose 4*y - 4*o - 18 = 14, -3*y = -4*o - 27. Is 2/5 - (-1533)/y composite?
False
Let r = 21570 + -5669. Is r composite?
False
Let h(w) = -1326*w - 53. Is h(-16) composite?
False
Suppose -4*x = -3*r - 5*x + 11, -3*x = -2*r. Suppose 5 = r*h + 2*n, 2*h - 4*n + 0 = -2. Let b = h - -20. Is b prime?
False
Suppose 3*t - 3 = 6, 5*t = -5*c - 45. Let j = -12 - c. Suppose 0 = -2*n - j*n - f + 66, 89 = 3*n - f. Is n prime?
True
Let g(r) = 3 + 5*r**2 - 2*r**2 - 3*r**3 - 7. Let v be g(-8). Suppose -11*h + v = -7*h. Is h composite?
False
Suppose -2*o + 1993 = 2*l - 71, -3*l + 12 = 0. Let j be 38/14 - 2/(-7). Suppose 7*a = j*a + o. Is a prime?
True
Let k be (1 - 1)/(-2 + 0). Suppose k = -4*r - 3*t + 3896, 5*r - 1733 - 3148 = -t. Is r composite?
False
Suppose 7*t + 862490 = 17*t. Is t prime?
True
Suppose 3*q + 2*q - 5 = 0, -2*a + 3 = -q. Suppose a*v - 4*v + 812 = 0. Suppose -4*y - v = -1250. Is y a composite number?
False
Suppose -2*k = 4*z + 22, 4*z = 3*z - k - 7. Let b be z/16 - 2189/(-4). Suppose -138 - b = -q. Is q a composite number?
True
Suppose -2*h - 6 = -5*c + 2*h, 4*h = -5*c + 14. Suppose -w = -c*d - 3*w - 64, -w + 24 = -d. Is (-8)/d + (-14715)/(-21) a prime number?
True
Let h = 491 + -52. Is h a prime number?
True
Let w = 5 + -5. Suppose 4*u - 3696 = 2*a + 2*a, w = -3*a + 2*u - 2773. Let y = -426 - a. Is y a prime number?
True
Let c = -333